{"id":1363,"date":"2023-04-07T08:05:36","date_gmt":"2023-04-07T08:05:36","guid":{"rendered":"https:\/\/www.imola.legacoop.it\/vitaminac\/?page_id=1363"},"modified":"2024-05-29T10:47:16","modified_gmt":"2024-05-29T10:47:16","slug":"concorso-2023","status":"publish","type":"page","link":"https:\/\/www.imola.legacoop.it\/vitaminac\/?page_id=1363","title":{"rendered":"CONCORSO &#8211; 2023"},"content":{"rendered":"<p>[et_pb_section fb_built=&#8221;1&#8243; admin_label=&#8221;Hero Section&#8221; _builder_version=&#8221;4.16&#8243; use_background_color_gradient=&#8221;on&#8221; background_color_gradient_type=&#8221;circular&#8221; background_color_gradient_stops=&#8221;rgba(79,146,193,0.48) 14%|rgba(0,0,0,0) 51%&#8221; background_color_gradient_start=&#8221;rgba(79,146,193,0.48)&#8221; background_color_gradient_start_position=&#8221;14%&#8221; background_color_gradient_end=&#8221;rgba(0,0,0,0)&#8221; background_color_gradient_end_position=&#8221;51%&#8221; background_enable_image=&#8221;off&#8221; parallax=&#8221;on&#8221; custom_margin=&#8221;|||&#8221; custom_padding=&#8221;0.7%||0.7%||true|&#8221; global_colors_info=&#8221;{}&#8221;][et_pb_row admin_label=&#8221;Riga&#8221; _builder_version=&#8221;4.16&#8243; animation_style=&#8221;fade&#8221; animation_duration=&#8221;2000ms&#8221; global_colors_info=&#8221;{}&#8221;][et_pb_column type=&#8221;4_4&#8243; _builder_version=&#8221;4.16&#8243; custom_padding=&#8221;|||&#8221; global_colors_info=&#8221;{}&#8221; custom_padding__hover=&#8221;|||&#8221;][et_pb_image src=&#8221;https:\/\/www.imola.legacoop.it\/vitaminac\/wp-content\/uploads\/2021\/03\/preloader_v2.svg&#8221; title_text=&#8221;preloader_v2&#8243; align=&#8221;center&#8221; _builder_version=&#8221;4.16&#8243; _module_preset=&#8221;default&#8221; width=&#8221;11%&#8221; max_width=&#8221;19%&#8221; custom_margin=&#8221;||15px|||&#8221; global_colors_info=&#8221;{}&#8221;][\/et_pb_image][et_pb_text _builder_version=&#8221;4.25.1&#8243; _module_preset=&#8221;default&#8221; global_colors_info=&#8221;{}&#8221; text_font_size=&#8221;18px&#8221; hover_enabled=&#8221;0&#8243; sticky_enabled=&#8221;0&#8243;]<\/p>\n<p style=\"font-weight: 400;\">Anche quest\u2019anno siamo lieti di annunciare l\u2019apertura della <em>call<\/em> per partecipare alla settima edizione di \u201c<strong>Vitamina C &#8211; Cooperazione, condivisione, cultura d\u2019impresa<\/strong>\u201d, il progetto di promozione cooperativa dell\u2019<strong>Alleanza delle Cooperative Italiane Imola,<\/strong> rivolto agli studenti delle classi terze e\/o quarte degli Istituti Superiori del territorio, con l\u2019obiettivo di diffondere, oltre alla <strong>conoscenza dei valori e principi cooperativi<\/strong> e delle <strong>realt\u00e0 cooperative del nostro territorio,<\/strong> anche una maggiore consapevolezza su <strong>processi, competenze <\/strong>e<strong> abilit\u00e0<\/strong> necessari per lavorare insieme e sviluppare <strong>capacit\u00e0 imprenditoriali <\/strong>che favoriscano l\u2019accesso al mondo del lavoro.<\/p>\n<p style=\"font-weight: 400;\">In particolare<strong> VITAMINA C<\/strong>:<\/p>\n<ul style=\"font-weight: 400;\">\n<li><strong>concorre a comporre il curriculo dell\u2019insegnamento dell\u2019<u>educazione civica<\/u><\/strong> secondo quanto previsto dalla Legge 20 agosto 2019 n. 192 e ss. mm. attraverso:<\/li>\n<li>l\u2019approfondimento dei <strong>valori costituzionali posti alla base dell\u2019impresa cooperativa<\/strong> (art. 48 Cost.), finalizzati a sviluppare negli studenti la capacit\u00e0 di agire da cittadini responsabili e di partecipare pienamente e consapevolmente alla vita civica, culturale, sociale ed economica della<em> <\/em>comunit\u00e0;<\/li>\n<li>l\u2019incontro con le <strong>imprese cooperative del territorio<\/strong>, volto a favorire la conoscenza di alcune tra le realt\u00e0 imprenditoriali che maggiormente concorrono a far crescere l\u2019economia ed il welfare della nostra comunit\u00e0;<\/li>\n<li>l\u2019<strong>educazione alla legalit\u00e0 e al contrasto delle mafie<\/strong>, grazie al coinvolgimento di \u201c<strong>Cooperare con<\/strong> <strong>Libera Terra<\/strong> &#8211; <strong>Agenzia per lo sviluppo cooperativo e la legalit\u00e0<\/strong>\u201d, associazione che supporta le cooperative che nascono su beni confiscati alla mafia con l\u2019obiettivo di restituire dignit\u00e0 a territori caratterizzati da una forte illegalit\u00e0, proponendo un sistema economico virtuoso, basato sulla legalit\u00e0 e sulla giustizia sociale;<\/li>\n<li>la conoscenza dei goals dell\u2019<strong>Agenda 2030 dell\u2019ONU legati al tema della sostenibilit\u00e0<\/strong>. Gli studenti avranno l\u2019opportunit\u00e0 di confrontarsi con esperti, che li aiuteranno a comprendere come sia possibile costruire ambienti di vita, citt\u00e0 ed imprese inclusive, rispettose dell\u2019ambiente e dei diritti delle persone (salute, benessere psico-fisico, uguaglianza, lavoro dignitoso, \u2026);<\/li>\n<li>l\u2019utilizzo guidato e responsabile di <strong>piattaforme e di strumenti digitali<\/strong>, nonch\u00e9 l\u2019acquisizione di competenze comunicative innovative (registrazione di un podcast cooperativo con un focus sui temi dell\u2019innovazione e della sostenibilit\u00e0, predisposizione di un \u201c<strong>elevator pitch<\/strong>\u201d, redazione di un nuovo <strong>Business Plan 4.0<\/strong>, implementato attraverso l\u2019uso di piattaforme di grafica e lo sviluppo di strategie di marketing mediante social o siti internet), favorendo la diffusione tra le nuove generazioni di una c.d. <strong>\u201ccittadinanza digitale\u201d consapevole<\/strong> secondo le indicazioni del <strong>DigComp 2.2<\/strong> (Digital Competence Framework for Citizens nella versione aggiornata il 22 marzo u.s.);<\/li>\n<li><strong>adotta il Framework <u>\u201cEntreComp\u201d<\/u><\/strong>, il quadro di riferimento per le competenze imprenditoriali, ponte tra i mondi dell\u2019educazione e del lavoro, elaborato dalla Commissione Europea. L\u2019<strong>imprenditorialit\u00e0<\/strong> costituisce oggi una <strong>competenza trasversale chiave in tutte le sfere della vita,<\/strong> un\u2019azione sulle opportunit\u00e0 e sulle idee per trasformarle in valore per gli altri, contribuendo<strong> alla formazione di cittadini responsabili e attivi<\/strong> nella vita civica, culturale e sociale delle comunit\u00e0 ed integrandosi con il profilo educativo\/formativo, gi\u00e0 patrimonio dei vostri percorsi didattici e delle comunit\u00e0 di riferimento.<\/li>\n<\/ul>\n<p style=\"font-weight: 400;\">\u201c<strong><em>Vitamina C<\/em><\/strong>\u201d si propone, dunque, di sviluppare un <strong>percorso di ideazione di impresa\/start up cooperativa<\/strong> in cui gli studenti possano esprimere la loro creativit\u00e0, acquisendo, al contempo, competenze specifiche, utili nei vari ambiti di vita, personali, relazionali, scolastici\/formativi e professionali.<\/p>\n<p style=\"font-weight: 400;\"><strong>Per fare ci\u00f2 \u00e8 ovviamente fondamentale la collaborazione dei Vostri Istituti e dei Docenti incaricati<\/strong>.<\/p>\n<p style=\"font-weight: 400;\">Come nelle edizioni precedenti, il percorso si articola in <strong>due fasi<\/strong>: <strong>la prima<\/strong>, dedicata a tutta la classe, in cui i ragazzi acquisiscono competenze specifiche e <strong>la seconda,<\/strong> in cui gli studenti devono costituirsi in piccoli gruppi (da 3 a 5\/6 persone) per sviluppare la loro idea di impresa cooperativa con cui <strong>concorrere all\u2019assegnazione dei premi finali<\/strong>.<\/p>\n<p style=\"font-weight: 400;\">Nel documento allegato trovate una sintesi del progetto che si svolger\u00e0, indicativamente, da inizio dicembre a fine aprile: come ogni anno, abbiamo cercato di implementare\/innovare per potenziarne l\u2019efficacia, prevedendo sia un maggior numero di incontri in \u201cplenaria\u201d con tutte le classi aderenti al progetto, che degli incontri di accompagnamento dedicati, in cui i ragazzi verranno affiancati da tutor esperti che li aiuteranno a sviluppare la loro idea di impresa.<\/p>\n<p style=\"font-weight: 400;\">Per illustrarVi le principali novit\u00e0 e per fornirVi ogni eventuale chiarimento necessario sul progetto, nonch\u00e9 per venire incontro, per quanto possibile, alle esigenze didattiche di ragazzi e Docenti, siamo a <strong>chiederVi la disponibilit\u00e0 a fissare un breve incontro presso il Vostro Istituto<\/strong>, in modo tale da poter valutare insieme in quale periodo dell\u2019anno concentrare gli appuntamenti relativi alla seconda fase del percorso (sviluppo idea di impresa\/concorso) vista la possibilit\u00e0 di scegliere tra incontri in orario scolastico e\/o pomeridiano.<\/p>\n<p style=\"font-weight: 400;\"><strong>L\u2019adesione definitiva al progetto dovr\u00e0 avvenire entro e non oltre il 17 novembre 2023<\/strong> mediante trasmissione del modulo B allegato alla presente missiva, completato in ogni sua parte.<\/p>\n<p style=\"font-weight: 400;\">Cogliamo da ultimo l\u2019occasione per segnalarVi che, come ogni anno, abbiamo richiesto il patrocinio dei Comuni coinvolti nel progetto, del Circondario Imolese e dell\u2019Ufficio scolastico Regionale dell\u2019Emilia Romagna.<\/p>\n<p>[\/et_pb_text][\/et_pb_column][\/et_pb_row][\/et_pb_section][et_pb_section fb_built=&#8221;1&#8243; admin_label=&#8221;Subscription Section&#8221; _builder_version=&#8221;4.16&#8243; use_background_color_gradient=&#8221;on&#8221; background_color_gradient_type=&#8221;circular&#8221; background_color_gradient_stops=&#8221;rgba(104,153,193,0.24) 27%|rgba(0,0,0,0) 100%&#8221; background_color_gradient_overlays_image=&#8221;on&#8221; background_color_gradient_start=&#8221;rgba(104,153,193,0.24)&#8221; background_color_gradient_start_position=&#8221;27%&#8221; background_color_gradient_end=&#8221;rgba(0,0,0,0)&#8221; background_image=&#8221;https:\/\/www.imola.legacoop.it\/vitaminac\/wp-content\/uploads\/2021\/03\/VITAMINA-C-BASE-OK.png&#8221; background_size=&#8221;contain&#8221; background_position=&#8221;bottom_center&#8221; custom_padding=&#8221;8px||27px|||&#8221; global_module=&#8221;278&#8243; global_colors_info=&#8221;{}&#8221;][et_pb_row _builder_version=&#8221;4.16&#8243; _module_preset=&#8221;default&#8221; custom_padding=&#8221;56px|||||&#8221; global_colors_info=&#8221;{}&#8221;][et_pb_column type=&#8221;4_4&#8243; _builder_version=&#8221;4.16&#8243; _module_preset=&#8221;default&#8221; global_colors_info=&#8221;{}&#8221;][et_pb_image src=&#8221;https:\/\/www.imola.legacoop.it\/vitaminac\/wp-content\/uploads\/2021\/03\/VITAMINA-C-LOGO-2021-300-dpi.png&#8221; title_text=&#8221;VITAMINA C LOGO 2021 300 dpi&#8221; align=&#8221;center&#8221; _builder_version=&#8221;4.16&#8243; _module_preset=&#8221;default&#8221; width=&#8221;48%&#8221; custom_padding=&#8221;11px|||||&#8221; animation_style=&#8221;fade&#8221; animation_duration=&#8221;2000ms&#8221; global_colors_info=&#8221;{}&#8221;][\/et_pb_image][et_pb_text admin_label=&#8221;Subtitle&#8221; _builder_version=&#8221;4.16&#8243; text_font_size=&#8221;16px&#8221; header_font=&#8221;Abel|300|||||||&#8221; header_5_font=&#8221;|600||on|||||&#8221; header_5_text_color=&#8221;#17619f&#8221; header_5_font_size=&#8221;18px&#8221; header_5_line_height=&#8221;1.5em&#8221; animation_direction=&#8221;left&#8221; global_colors_info=&#8221;{}&#8221;]<\/p>\n<p><span>Copyright \u00a9 2022 | Tutti i diritti riservati.<\/span><\/p>\n<p>[\/et_pb_text][et_pb_text admin_label=&#8221;Subtitle&#8221; _builder_version=&#8221;4.16&#8243; text_font_size=&#8221;16px&#8221; header_font=&#8221;Abel|300|||||||&#8221; header_5_font=&#8221;|600||on|||||&#8221; header_5_text_color=&#8221;#17619f&#8221; header_5_font_size=&#8221;18px&#8221; header_5_line_height=&#8221;1.5em&#8221; animation_direction=&#8221;left&#8221; global_colors_info=&#8221;{}&#8221;]<\/p>\n<p>&nbsp;<\/p>\n<p>&nbsp;<\/p>\n<p>[\/et_pb_text][\/et_pb_column][\/et_pb_row][et_pb_row _builder_version=&#8221;4.16&#8243; _module_preset=&#8221;default&#8221; custom_padding=&#8221;0px||113px|||&#8221; global_colors_info=&#8221;{}&#8221;][et_pb_column type=&#8221;4_4&#8243; _builder_version=&#8221;4.16&#8243; _module_preset=&#8221;default&#8221; global_colors_info=&#8221;{}&#8221;][\/et_pb_column][\/et_pb_row][et_pb_row _builder_version=&#8221;4.16&#8243; custom_padding=&#8221;55px|||||&#8221; locked=&#8221;off&#8221; global_colors_info=&#8221;{}&#8221;][et_pb_column type=&#8221;4_4&#8243; _builder_version=&#8221;4.16&#8243; custom_padding=&#8221;|||&#8221; global_colors_info=&#8221;{}&#8221; custom_padding__hover=&#8221;|||&#8221;][\/et_pb_column][\/et_pb_row][\/et_pb_section]<\/p>\n","protected":false},"excerpt":{"rendered":"<p>Anche quest\u2019anno siamo lieti di annunciare l\u2019apertura della call per partecipare alla settima edizione di \u201cVitamina C &#8211; Cooperazione, condivisione, cultura d\u2019impresa\u201d, il progetto di promozione cooperativa dell\u2019Alleanza delle Cooperative Italiane Imola, rivolto agli studenti delle classi terze e\/o quarte degli Istituti Superiori del territorio, con l\u2019obiettivo di diffondere, oltre alla conoscenza dei valori e [&hellip;]<\/p>\n","protected":false},"author":1,"featured_media":0,"parent":0,"menu_order":0,"comment_status":"closed","ping_status":"closed","template":"","meta":{"_et_pb_use_builder":"on","_et_pb_old_content":"","_et_gb_content_width":"","ngg_post_thumbnail":0,"footnotes":""},"_links":{"self":[{"href":"https:\/\/www.imola.legacoop.it\/vitaminac\/index.php?rest_route=\/wp\/v2\/pages\/1363"}],"collection":[{"href":"https:\/\/www.imola.legacoop.it\/vitaminac\/index.php?rest_route=\/wp\/v2\/pages"}],"about":[{"href":"https:\/\/www.imola.legacoop.it\/vitaminac\/index.php?rest_route=\/wp\/v2\/types\/page"}],"author":[{"embeddable":true,"href":"https:\/\/www.imola.legacoop.it\/vitaminac\/index.php?rest_route=\/wp\/v2\/users\/1"}],"replies":[{"embeddable":true,"href":"https:\/\/www.imola.legacoop.it\/vitaminac\/index.php?rest_route=%2Fwp%2Fv2%2Fcomments&post=1363"}],"version-history":[{"count":3,"href":"https:\/\/www.imola.legacoop.it\/vitaminac\/index.php?rest_route=\/wp\/v2\/pages\/1363\/revisions"}],"predecessor-version":[{"id":1608,"href":"https:\/\/www.imola.legacoop.it\/vitaminac\/index.php?rest_route=\/wp\/v2\/pages\/1363\/revisions\/1608"}],"wp:attachment":[{"href":"https:\/\/www.imola.legacoop.it\/vitaminac\/index.php?rest_route=%2Fwp%2Fv2%2Fmedia&parent=1363"}],"curies":[{"name":"wp","href":"https:\/\/api.w.org\/{rel}","templated":true}]}}