{"id":1369,"date":"2023-04-07T08:14:22","date_gmt":"2023-04-07T08:14:22","guid":{"rendered":"https:\/\/www.imola.legacoop.it\/vitaminac\/?page_id=1369"},"modified":"2024-05-29T11:50:24","modified_gmt":"2024-05-29T11:50:24","slug":"fasi-2023","status":"publish","type":"page","link":"https:\/\/www.imola.legacoop.it\/vitaminac\/?page_id=1369","title":{"rendered":"FASI &#8211; 2023"},"content":{"rendered":"<p>[et_pb_section fb_built=&#8221;1&#8243; _builder_version=&#8221;4.17.0&#8243; _module_preset=&#8221;default&#8221; custom_padding=&#8221;13px||9px|||&#8221; global_colors_info=&#8221;{}&#8221;][et_pb_row _builder_version=&#8221;4.16&#8243; custom_padding=&#8221;12px|||||&#8221; global_colors_info=&#8221;{}&#8221;][et_pb_column type=&#8221;4_4&#8243; _builder_version=&#8221;4.16&#8243; custom_padding=&#8221;|||&#8221; global_colors_info=&#8221;{}&#8221; custom_padding__hover=&#8221;|||&#8221;][et_pb_image src=&#8221;https:\/\/www.imola.legacoop.it\/vitaminac\/wp-content\/uploads\/2021\/03\/preloader_v2.svg&#8221; title_text=&#8221;preloader_v2&#8243; align=&#8221;center&#8221; _builder_version=&#8221;4.16&#8243; _module_preset=&#8221;default&#8221; width=&#8221;11%&#8221; max_width=&#8221;19%&#8221; custom_margin=&#8221;||15px|||&#8221; global_colors_info=&#8221;{}&#8221;][\/et_pb_image][et_pb_text _builder_version=&#8221;4.25.1&#8243; _module_preset=&#8221;default&#8221; global_colors_info=&#8221;{}&#8221; hover_enabled=&#8221;0&#8243; sticky_enabled=&#8221;0&#8243;]<\/p>\n<h3>Fasi di Progresso del Concorso<\/h3>\n<p>Benvenuti al concorso &#8220;Progetto Vitamina C Imola 2023\/2024&#8221;! Siamo entusiasti di accompagnarvi in questo viaggio di apprendimento e creativit\u00e0, articolato in due fasi principali: una che coinvolge tutta la classe e un&#8217;altra riservata ai gruppi che svilupperanno una propria idea di impresa.<\/p>\n<h4>Fase 1: Insieme per Imparare<\/h4>\n<p>Nella prima fase, tutta la classe parteciper\u00e0 a una serie di moduli pensati per stimolare la cooperazione, la comunicazione e la sostenibilit\u00e0. Si comincia il 5 febbraio 2024 con il modulo sui valori della cooperazione presso la Sala BCC Citt\u00e0 &amp; Cultura di Imola. Seguir\u00e0 un incontro sulla comunicazione e progettazione il 13 febbraio, ospitato al CEFLA AUDITORIUM.<\/p>\n<p>A fine febbraio, esploreremo i temi dell&#8217;Agenda 2030 e della sostenibilit\u00e0 con un modulo che si terr\u00e0 in una sede ancora da definire. Poi, a marzo, ci dedicheremo alla progettazione e realizzazione di un podcast cooperativo, con sessioni pratiche presso uno studio di registrazione a Ca&#8217; Vaina.<\/p>\n<p>Chiuderemo questa fase con un modulo intitolato &#8220;Cooperare Libera Terra&#8221;, previsto tra il 21 e il 27 marzo.<\/p>\n<h4>Fase 2: Verso l&#8217;Impresa<\/h4>\n<p>La seconda fase \u00e8 riservata ai gruppi che parteciperanno al concorso con le loro idee di impresa. A marzo e aprile, questi gruppi lavoreranno sullo sviluppo del progetto di impresa e impareranno a comunicarlo efficacemente. Gli incontri si terranno in sedi che verranno definite in seguito.<\/p>\n<p>Infine, a maggio, avremo l&#8217;evento conclusivo in cui i gruppi presenteranno i loro progetti e ci sar\u00e0 la premiazione. Sar\u00e0 un momento di celebrazione e riconoscimento per tutto il duro lavoro svolto.<\/p>\n<h3>Crediti PTCO<\/h3>\n<p>Gli studenti che parteciperanno a tutte le attivit\u00e0 previste riceveranno crediti PTCO, riconosciuti per il loro impegno e la loro partecipazione attiva.<\/p>\n<p>Siamo sicuri che questo percorso sar\u00e0 un&#8217;opportunit\u00e0 unica di crescita personale e professionale. Buon concorso a tutti!<\/p>\n<p>&nbsp;<\/p>\n<p>In allegato potete trovare il file excel con tutte le fasi pi\u00f9 nel dettaglio<\/p>\n<p><a href=\"https:\/\/www.imola.legacoop.it\/vitaminac\/wp-content\/uploads\/2024\/05\/PROGETTO-VITAMINA-C-IMOLA-2023_2024_versione-aggiornata.xlsx\" rel=\"attachment wp-att-1609\">PROGETTO VITAMINA C IMOLA 2023_2024_versione aggiornata<\/a><\/p>\n<p>[\/et_pb_text][\/et_pb_column][\/et_pb_row][\/et_pb_section][et_pb_section fb_built=&#8221;1&#8243; admin_label=&#8221;Subscription Section&#8221; _builder_version=&#8221;4.16&#8243; use_background_color_gradient=&#8221;on&#8221; background_color_gradient_type=&#8221;circular&#8221; background_color_gradient_stops=&#8221;rgba(104,153,193,0.24) 27%|rgba(0,0,0,0) 100%&#8221; background_color_gradient_overlays_image=&#8221;on&#8221; background_color_gradient_start=&#8221;rgba(104,153,193,0.24)&#8221; background_color_gradient_start_position=&#8221;27%&#8221; background_color_gradient_end=&#8221;rgba(0,0,0,0)&#8221; background_image=&#8221;https:\/\/www.imola.legacoop.it\/vitaminac\/wp-content\/uploads\/2021\/03\/VITAMINA-C-BASE-OK.png&#8221; background_size=&#8221;contain&#8221; background_position=&#8221;bottom_center&#8221; custom_padding=&#8221;8px||27px|||&#8221; global_module=&#8221;278&#8243; global_colors_info=&#8221;{}&#8221;][et_pb_row _builder_version=&#8221;4.16&#8243; _module_preset=&#8221;default&#8221; custom_padding=&#8221;56px|||||&#8221; global_colors_info=&#8221;{}&#8221;][et_pb_column type=&#8221;4_4&#8243; _builder_version=&#8221;4.16&#8243; _module_preset=&#8221;default&#8221; global_colors_info=&#8221;{}&#8221;][et_pb_image src=&#8221;https:\/\/www.imola.legacoop.it\/vitaminac\/wp-content\/uploads\/2021\/03\/VITAMINA-C-LOGO-2021-300-dpi.png&#8221; title_text=&#8221;VITAMINA C LOGO 2021 300 dpi&#8221; align=&#8221;center&#8221; _builder_version=&#8221;4.16&#8243; _module_preset=&#8221;default&#8221; width=&#8221;48%&#8221; custom_padding=&#8221;11px|||||&#8221; animation_style=&#8221;fade&#8221; animation_duration=&#8221;2000ms&#8221; global_colors_info=&#8221;{}&#8221;][\/et_pb_image][et_pb_text admin_label=&#8221;Subtitle&#8221; _builder_version=&#8221;4.16&#8243; text_font_size=&#8221;16px&#8221; header_font=&#8221;Abel|300|||||||&#8221; header_5_font=&#8221;|600||on|||||&#8221; header_5_text_color=&#8221;#17619f&#8221; header_5_font_size=&#8221;18px&#8221; header_5_line_height=&#8221;1.5em&#8221; animation_direction=&#8221;left&#8221; global_colors_info=&#8221;{}&#8221;]<\/p>\n<p><span>Copyright \u00a9 2022 | Tutti i diritti riservati.<\/span><\/p>\n<p>[\/et_pb_text][et_pb_text admin_label=&#8221;Subtitle&#8221; _builder_version=&#8221;4.16&#8243; text_font_size=&#8221;16px&#8221; header_font=&#8221;Abel|300|||||||&#8221; header_5_font=&#8221;|600||on|||||&#8221; header_5_text_color=&#8221;#17619f&#8221; header_5_font_size=&#8221;18px&#8221; header_5_line_height=&#8221;1.5em&#8221; animation_direction=&#8221;left&#8221; global_colors_info=&#8221;{}&#8221;]<\/p>\n<p>&nbsp;<\/p>\n<p>&nbsp;<\/p>\n<p>[\/et_pb_text][\/et_pb_column][\/et_pb_row][et_pb_row _builder_version=&#8221;4.16&#8243; _module_preset=&#8221;default&#8221; custom_padding=&#8221;0px||113px|||&#8221; global_colors_info=&#8221;{}&#8221;][et_pb_column type=&#8221;4_4&#8243; _builder_version=&#8221;4.16&#8243; _module_preset=&#8221;default&#8221; global_colors_info=&#8221;{}&#8221;][\/et_pb_column][\/et_pb_row][et_pb_row _builder_version=&#8221;4.16&#8243; custom_padding=&#8221;55px|||||&#8221; locked=&#8221;off&#8221; global_colors_info=&#8221;{}&#8221;][et_pb_column type=&#8221;4_4&#8243; _builder_version=&#8221;4.16&#8243; custom_padding=&#8221;|||&#8221; global_colors_info=&#8221;{}&#8221; custom_padding__hover=&#8221;|||&#8221;][\/et_pb_column][\/et_pb_row][\/et_pb_section]<\/p>\n","protected":false},"excerpt":{"rendered":"<p>Fasi di Progresso del Concorso Benvenuti al concorso &#8220;Progetto Vitamina C Imola 2023\/2024&#8221;! Siamo entusiasti di accompagnarvi in questo viaggio di apprendimento e creativit\u00e0, articolato in due fasi principali: una che coinvolge tutta la classe e un&#8217;altra riservata ai gruppi che svilupperanno una propria idea di impresa. Fase 1: Insieme per Imparare Nella prima fase, [&hellip;]<\/p>\n","protected":false},"author":1,"featured_media":0,"parent":0,"menu_order":0,"comment_status":"closed","ping_status":"closed","template":"","meta":{"_et_pb_use_builder":"on","_et_pb_old_content":"","_et_gb_content_width":"","ngg_post_thumbnail":0,"footnotes":""},"_links":{"self":[{"href":"https:\/\/www.imola.legacoop.it\/vitaminac\/index.php?rest_route=\/wp\/v2\/pages\/1369"}],"collection":[{"href":"https:\/\/www.imola.legacoop.it\/vitaminac\/index.php?rest_route=\/wp\/v2\/pages"}],"about":[{"href":"https:\/\/www.imola.legacoop.it\/vitaminac\/index.php?rest_route=\/wp\/v2\/types\/page"}],"author":[{"embeddable":true,"href":"https:\/\/www.imola.legacoop.it\/vitaminac\/index.php?rest_route=\/wp\/v2\/users\/1"}],"replies":[{"embeddable":true,"href":"https:\/\/www.imola.legacoop.it\/vitaminac\/index.php?rest_route=%2Fwp%2Fv2%2Fcomments&post=1369"}],"version-history":[{"count":3,"href":"https:\/\/www.imola.legacoop.it\/vitaminac\/index.php?rest_route=\/wp\/v2\/pages\/1369\/revisions"}],"predecessor-version":[{"id":1610,"href":"https:\/\/www.imola.legacoop.it\/vitaminac\/index.php?rest_route=\/wp\/v2\/pages\/1369\/revisions\/1610"}],"wp:attachment":[{"href":"https:\/\/www.imola.legacoop.it\/vitaminac\/index.php?rest_route=%2Fwp%2Fv2%2Fmedia&parent=1369"}],"curies":[{"name":"wp","href":"https:\/\/api.w.org\/{rel}","templated":true}]}}