{"id":202,"date":"2021-03-13T10:00:05","date_gmt":"2021-03-13T10:00:05","guid":{"rendered":"https:\/\/www.imola.legacoop.it\/vitaminac\/?page_id=202"},"modified":"2022-03-03T10:53:48","modified_gmt":"2022-03-03T10:53:48","slug":"fasi-2021","status":"publish","type":"page","link":"https:\/\/www.imola.legacoop.it\/vitaminac\/?page_id=202","title":{"rendered":"FASI &#8211; 2021"},"content":{"rendered":"<p>[et_pb_section fb_built=&#8221;1&#8243; _builder_version=&#8221;4.9.1&#8243; _module_preset=&#8221;default&#8221; custom_padding=&#8221;13px||9px|||&#8221;][et_pb_row _builder_version=&#8221;3.25&#8243; custom_padding=&#8221;12px|||||&#8221;][et_pb_column type=&#8221;4_4&#8243; _builder_version=&#8221;3.25&#8243; custom_padding=&#8221;|||&#8221; custom_padding__hover=&#8221;|||&#8221;][et_pb_image src=&#8221;https:\/\/www.imola.legacoop.it\/vitaminac\/wp-content\/uploads\/2021\/03\/preloader_v2.svg&#8221; title_text=&#8221;preloader_v2&#8243; align=&#8221;center&#8221; _builder_version=&#8221;4.9.1&#8243; _module_preset=&#8221;default&#8221; width=&#8221;11%&#8221; max_width=&#8221;19%&#8221; custom_margin=&#8221;||15px|||&#8221;][\/et_pb_image][et_pb_text _builder_version=&#8221;4.9.1&#8243; _module_preset=&#8221;default&#8221; text_font=&#8221;Allerta Stencil||||||||&#8221; text_text_color=&#8221;#0C71C3&#8243; text_font_size=&#8221;36px&#8221; text_letter_spacing=&#8221;18px&#8221; text_line_height=&#8221;2em&#8221; text_font_size_tablet=&#8221;&#8221; text_font_size_phone=&#8221;36px&#8221; text_font_size_last_edited=&#8221;on|phone&#8221;]<\/p>\n<p style=\"text-align: center;\">FASI<\/p>\n<p>[\/et_pb_text][et_pb_text _builder_version=&#8221;4.9.1&#8243; _module_preset=&#8221;default&#8221; text_font=&#8221;||||||||&#8221; text_text_color=&#8221;#0C71C3&#8243; text_font_size=&#8221;30px&#8221; text_letter_spacing=&#8221;5px&#8221; text_line_height=&#8221;1.8em&#8221; header_font_size=&#8221;13px&#8221;]<\/p>\n<p style=\"text-align: center;\"><span>Il progetto si articola su quattro fasi principali:<\/span><\/p>\n<p>[\/et_pb_text][\/et_pb_column][\/et_pb_row][\/et_pb_section][et_pb_section fb_built=&#8221;1&#8243; admin_label=&#8221;Feature Section&#8221; _builder_version=&#8221;3.22&#8243; custom_padding=&#8221;4px||120px|||&#8221;][et_pb_row column_structure=&#8221;1_2,1_2&#8243; _builder_version=&#8221;4.9.1&#8243; _module_preset=&#8221;default&#8221;][et_pb_column type=&#8221;1_2&#8243; _builder_version=&#8221;4.9.1&#8243; _module_preset=&#8221;default&#8221;][et_pb_image src=&#8221;https:\/\/www.imola.legacoop.it\/vitaminac\/wp-content\/uploads\/2021\/03\/preloader_v2.svg&#8221; title_text=&#8221;preloader_v2&#8243; show_bottom_space=&#8221;off&#8221; force_fullwidth=&#8221;on&#8221; align_tablet=&#8221;center&#8221; align_phone=&#8221;&#8221; align_last_edited=&#8221;on|desktop&#8221; _builder_version=&#8221;4.9.1&#8243; min_height=&#8221;266px&#8221; height=&#8221;257px&#8221; filter_hue_rotate=&#8221;153deg&#8221; filter_saturate=&#8221;132%&#8221; animation_style=&#8221;slide&#8221; animation_direction=&#8221;left&#8221; animation_duration=&#8221;2000ms&#8221; animation_intensity_slide=&#8221;58%&#8221; animation_starting_opacity=&#8221;100%&#8221;][\/et_pb_image][\/et_pb_column][et_pb_column type=&#8221;1_2&#8243; _builder_version=&#8221;4.9.1&#8243; _module_preset=&#8221;default&#8221;][et_pb_blurb title=&#8221;1. WEBINAR in Plenaria.&#8221; use_icon=&#8221;on&#8221; font_icon=&#8221;%%57%%&#8221; icon_color=&#8221;#93b786&#8243; icon_placement=&#8221;left&#8221; use_icon_font_size=&#8221;on&#8221; icon_font_size=&#8221;32px&#8221; _builder_version=&#8221;4.9.2&#8243; header_font=&#8221;||||||||&#8221; header_font_size=&#8221;24px&#8221; header_line_height=&#8221;1.3em&#8221; body_font=&#8221;Quattrocento||||||||&#8221; body_font_size=&#8221;16px&#8221; body_line_height=&#8221;1.8em&#8221; text_orientation=&#8221;justified&#8221; custom_margin=&#8221;-40px|-3px||||&#8221; custom_padding=&#8221;38px|||||&#8221;]<\/p>\n<p>Evento iniziale &#8211; rivolto a tutti i ragazzi\/e frequentanti le classi degli Istituti Superiori del Circondario che hanno aderito al progetto ed aperto a tutte le cooperative aderenti all\u2019Alleanza delle cooperative Italiane Imola &#8211; dedicato alla presentazione del progetto e delle sue finalit\u00e0 onde motivare gli studenti ad una loro partecipazione attiva con la creazione di una idea d\u2019impresa suggerita da un loro bisogno o da un loro interesse per contribuire allo sviluppo del territorio e generare nuove opportunit\u00e0 lavorative.<\/p>\n<p>[\/et_pb_blurb][\/et_pb_column][\/et_pb_row][\/et_pb_section][et_pb_section fb_built=&#8221;1&#8243; admin_label=&#8221;Feature Section&#8221; _builder_version=&#8221;3.22&#8243; custom_padding=&#8221;4px||120px|||&#8221;][et_pb_row column_structure=&#8221;1_2,1_2&#8243; _builder_version=&#8221;4.9.1&#8243; _module_preset=&#8221;default&#8221;][et_pb_column type=&#8221;1_2&#8243; _builder_version=&#8221;4.9.1&#8243; _module_preset=&#8221;default&#8221;][et_pb_image src=&#8221;https:\/\/www.imola.legacoop.it\/vitaminac\/wp-content\/uploads\/2021\/03\/preloader_v2.svg&#8221; title_text=&#8221;preloader_v2&#8243; show_bottom_space=&#8221;off&#8221; force_fullwidth=&#8221;on&#8221; align_tablet=&#8221;center&#8221; align_phone=&#8221;&#8221; align_last_edited=&#8221;on|desktop&#8221; _builder_version=&#8221;4.9.1&#8243; min_height=&#8221;266px&#8221; height=&#8221;257px&#8221; filter_hue_rotate=&#8221;68deg&#8221; filter_saturate=&#8221;132%&#8221; animation_style=&#8221;slide&#8221; animation_direction=&#8221;left&#8221; animation_duration=&#8221;2000ms&#8221; animation_intensity_slide=&#8221;58%&#8221; animation_starting_opacity=&#8221;100%&#8221;][\/et_pb_image][\/et_pb_column][et_pb_column type=&#8221;1_2&#8243; _builder_version=&#8221;4.9.1&#8243; _module_preset=&#8221;default&#8221;][et_pb_blurb title=&#8221;2. Formazione degli insegnanti e dei ragazzi.&#8221; use_icon=&#8221;on&#8221; font_icon=&#8221;%%57%%&#8221; icon_color=&#8221;#93b786&#8243; icon_placement=&#8221;left&#8221; use_icon_font_size=&#8221;on&#8221; icon_font_size=&#8221;32px&#8221; _builder_version=&#8221;4.9.2&#8243; header_font=&#8221;||||||||&#8221; header_font_size=&#8221;24px&#8221; header_line_height=&#8221;1.3em&#8221; body_font=&#8221;Quattrocento||||||||&#8221; body_font_size=&#8221;16px&#8221; body_line_height=&#8221;1.8em&#8221; text_orientation=&#8221;justified&#8221; custom_margin=&#8221;-40px|-3px||||&#8221; custom_padding=&#8221;38px|||||&#8221;]<\/p>\n<p>\u00c8 la fase del progetto finalizzata all\u2019approfondimento dei valori e delle peculiarit\u00e0 dell\u2019impresa cooperativa, a valorizzare l\u2019importanza di coniugare, oggi pi\u00f9 che mai, il business aziendale, non solo con l\u2019innovazione e la digitalizzazione, ma anche con l\u2019attenzione all\u2019ambiente e al sociale, per dar vita ad imprese sostenibili in linea con gli obiettivi SDGs dell\u2019Agenda 2030 dell\u2019ONU, a fornire gli strumenti per lo sviluppo dell\u2019idea imprenditoriale (come nasce l\u2019idea e cosa occorre analizzare per valutare la fattibilit\u00e0 dell\u2019impresa), a valorizzare l\u2019importanza del lavorare insieme, nella legalit\u00e0 e per la legalit\u00e0, per l\u2019equit\u00e0, per la mutualit\u00e0 e l\u2019intergenerazionalit\u00e0, valori fondanti della cooperazione. Si articola <strong>su 9 Moduli di circa un\u2019ora ciascuno, da remoto, in orario scolastico<\/strong> per un monte ore complessivo pari a 10 (compresa l\u2019ora in plenaria per la presentazione del progetto).<strong> In questa fase sono previste testimonianze di imprese cooperative<\/strong>, possibilmente operanti in settori attinenti al percorso scolastico dei ragazzi <strong>per condividere con gli studenti l\u2019importanza economica di queste imprese per il territorio e come le stesse siano impegnate da sempre, non solo nell\u2019innovazione e nella ricerca, per la creazione di nuovi business dettati da una societ\u00e0 in continuo cambiamento, ma anche per uno sviluppo sostenibile.<\/strong> Al termine del percorso formativo gli studenti dovranno compilare un questionario per verificare il grado di apprendimento dei temi trattati che sar\u00e0 rilasciato alla scuola.<\/p>\n<p>[\/et_pb_blurb][\/et_pb_column][\/et_pb_row][\/et_pb_section][et_pb_section fb_built=&#8221;1&#8243; admin_label=&#8221;Feature Section&#8221; _builder_version=&#8221;3.22&#8243; custom_padding=&#8221;4px||120px|||&#8221;][et_pb_row column_structure=&#8221;1_2,1_2&#8243; _builder_version=&#8221;4.9.1&#8243; _module_preset=&#8221;default&#8221;][et_pb_column type=&#8221;1_2&#8243; _builder_version=&#8221;4.9.1&#8243; _module_preset=&#8221;default&#8221;][et_pb_image src=&#8221;https:\/\/www.imola.legacoop.it\/vitaminac\/wp-content\/uploads\/2021\/03\/preloader_v2.svg&#8221; title_text=&#8221;preloader_v2&#8243; show_bottom_space=&#8221;off&#8221; force_fullwidth=&#8221;on&#8221; align_tablet=&#8221;center&#8221; align_phone=&#8221;&#8221; align_last_edited=&#8221;on|desktop&#8221; _builder_version=&#8221;4.9.1&#8243; min_height=&#8221;266px&#8221; height=&#8221;257px&#8221; filter_hue_rotate=&#8221;296deg&#8221; filter_saturate=&#8221;132%&#8221; animation_style=&#8221;slide&#8221; animation_direction=&#8221;left&#8221; animation_duration=&#8221;2000ms&#8221; animation_intensity_slide=&#8221;58%&#8221; animation_starting_opacity=&#8221;100%&#8221;][\/et_pb_image][\/et_pb_column][et_pb_column type=&#8221;1_2&#8243; _builder_version=&#8221;4.9.1&#8243; _module_preset=&#8221;default&#8221;][et_pb_blurb title=&#8221;3. Lavoro di gruppo e sviluppo dell&#8217;idea&#8221; use_icon=&#8221;on&#8221; font_icon=&#8221;%%57%%&#8221; icon_color=&#8221;#93b786&#8243; icon_placement=&#8221;left&#8221; use_icon_font_size=&#8221;on&#8221; icon_font_size=&#8221;32px&#8221; _builder_version=&#8221;4.9.2&#8243; header_font=&#8221;||||||||&#8221; header_font_size=&#8221;24px&#8221; header_line_height=&#8221;1.3em&#8221; body_font=&#8221;Quattrocento||||||||&#8221; body_font_size=&#8221;16px&#8221; body_line_height=&#8221;1.8em&#8221; custom_margin=&#8221;-40px|-3px||||&#8221; custom_padding=&#8221;38px|||||&#8221;]<\/p>\n<p>I partecipanti si organizzano in piccoli gruppi che, lavorano in autonomia &#8211; utilizzando i materiali e una traccia messi a loro disposizione -, per sviluppare una prima stesura del progetto imprenditoriale da loro individuato, onde rispondere a bisogni del territorio, esigenze personali o del gruppo, necessit\u00e0 di coesione sociale o servizi, intuizioni creative e innovative, coniugandoli con i valori cooperativi e gli obiettivi SDGs dell\u2019Agenda 2030 dell\u2019ONU. A supporto di questa attivit\u00e0 tutto il materiale utilizzato nelle docenze verr\u00e0 messo a disposizione dei ragazzi sul sito appositamente creato per il progetto e verr\u00e0 altres\u00ec offerta la possibilit\u00e0 di farsi<strong> supportare da un tutor, in presenza o da remoto<\/strong>, con il quale confrontarsi su problematiche specifiche, <strong>per 3 ore circa<\/strong>. Si prevedono almeno 15 ore di project work, di cui 3 di accompagnamento, a cui si aggiunge una lezione in plenaria di una\/due ore circa per supportare i ragazzi nella redazione <strong>dell&#8217;ELEVATOR PITCH<\/strong> della loro idea di impresa. Quest&#8217;ultimo \u00e8 necessario ai fini della votazione on line della loro idea.<\/p>\n<p>[\/et_pb_blurb][\/et_pb_column][\/et_pb_row][\/et_pb_section][et_pb_section fb_built=&#8221;1&#8243; admin_label=&#8221;Feature Section&#8221; _builder_version=&#8221;3.22&#8243; custom_padding=&#8221;4px||120px|||&#8221;][et_pb_row column_structure=&#8221;1_2,1_2&#8243; _builder_version=&#8221;4.9.1&#8243; _module_preset=&#8221;default&#8221;][et_pb_column type=&#8221;1_2&#8243; _builder_version=&#8221;4.9.1&#8243; _module_preset=&#8221;default&#8221;][et_pb_image src=&#8221;https:\/\/www.imola.legacoop.it\/vitaminac\/wp-content\/uploads\/2021\/03\/preloader_v2.svg&#8221; title_text=&#8221;preloader_v2&#8243; show_bottom_space=&#8221;off&#8221; force_fullwidth=&#8221;on&#8221; align_tablet=&#8221;center&#8221; align_phone=&#8221;&#8221; align_last_edited=&#8221;on|desktop&#8221; _builder_version=&#8221;4.9.1&#8243; min_height=&#8221;266px&#8221; height=&#8221;257px&#8221; filter_hue_rotate=&#8221;99deg&#8221; filter_saturate=&#8221;132%&#8221; animation_style=&#8221;slide&#8221; animation_direction=&#8221;left&#8221; animation_duration=&#8221;2000ms&#8221; animation_intensity_slide=&#8221;58%&#8221; animation_starting_opacity=&#8221;100%&#8221;][\/et_pb_image][\/et_pb_column][et_pb_column type=&#8221;1_2&#8243; _builder_version=&#8221;4.9.1&#8243; _module_preset=&#8221;default&#8221;][et_pb_blurb title=&#8221;4. Premiazione dei migliori progetti.&#8221; use_icon=&#8221;on&#8221; font_icon=&#8221;%%57%%&#8221; icon_color=&#8221;#93b786&#8243; icon_placement=&#8221;left&#8221; use_icon_font_size=&#8221;on&#8221; icon_font_size=&#8221;32px&#8221; _builder_version=&#8221;4.9.2&#8243; header_font=&#8221;||||||||&#8221; header_font_size=&#8221;24px&#8221; header_line_height=&#8221;1.3em&#8221; body_font=&#8221;Quattrocento||||||||&#8221; body_font_size=&#8221;16px&#8221; body_line_height=&#8221;1.8em&#8221; custom_margin=&#8221;-40px|-3px||||&#8221; custom_padding=&#8221;38px|||||&#8221;]Tutti i lavori elaborati saranno oggetto di valutazione da parte di una commissione, composta da rappresentanti dell\u2019Alleanza delle Cooperative Italiane Imola ma anche di Istituzioni ed Enti sostenitori del progetto, consulenti, imprenditori ed esperti, che selezioner\u00e0 i vincitori sulla base di una graduatoria che terr\u00e0 conto di fattibilit\u00e0 ed originalit\u00e0 dell\u2019idea, analisi del prodotto e del mercato, sostenibilit\u00e0, completezza del progetto.[\/et_pb_blurb][\/et_pb_column][\/et_pb_row][\/et_pb_section][et_pb_section fb_built=&#8221;1&#8243; admin_label=&#8221;Team Member Section&#8221; _builder_version=&#8221;4.9.2&#8243; use_background_color_gradient=&#8221;on&#8221; background_color_gradient_start=&#8221;#31e9f9&#8243; background_color_gradient_end=&#8221;#ffffff&#8221; background_image=&#8221;https:\/\/www.imola.legacoop.it\/vitaminac\/wp-content\/uploads\/2021\/03\/VITAMINA-C-BASE-OK.png&#8221; background_blend=&#8221;overlay&#8221; custom_margin=&#8221;45px||||false|false&#8221; custom_padding=&#8221;33px||90px|||&#8221; animation_style=&#8221;slide&#8221; animation_duration=&#8221;1850ms&#8221; animation_intensity_slide=&#8221;88%&#8221; box_shadow_style=&#8221;preset1&#8243; box_shadow_blur=&#8221;44px&#8221;][et_pb_row _builder_version=&#8221;3.25&#8243;][et_pb_column type=&#8221;4_4&#8243; _builder_version=&#8221;3.25&#8243; custom_padding=&#8221;|||&#8221; custom_padding__hover=&#8221;|||&#8221;][et_pb_text _builder_version=&#8221;4.9.1&#8243; _module_preset=&#8221;default&#8221; text_font=&#8221;Allerta Stencil||||||||&#8221; text_text_color=&#8221;#0C71C3&#8243; text_font_size=&#8221;36px&#8221; text_letter_spacing=&#8221;18px&#8221; text_line_height=&#8221;2em&#8221; custom_margin=&#8221;||-20px|||&#8221;]<\/p>\n<p style=\"text-align: center;\">I PREMI<\/p>\n<p>[\/et_pb_text][\/et_pb_column][\/et_pb_row][et_pb_row _builder_version=&#8221;3.25&#8243; locked=&#8221;off&#8221;][et_pb_column type=&#8221;4_4&#8243; _builder_version=&#8221;3.25&#8243; custom_padding=&#8221;|||&#8221; custom_padding__hover=&#8221;|||&#8221;][et_pb_text admin_label=&#8221;Subtitle&#8221; _builder_version=&#8221;4.9.2&#8243; text_font=&#8221;Quattrocento||||||||&#8221; text_text_color=&#8221;#000000&#8243; text_font_size=&#8221;19px&#8221; text_line_height=&#8221;1.8em&#8221; header_font=&#8221;||||||||&#8221; header_2_font=&#8221;||||||||&#8221; text_orientation=&#8221;justified&#8221; width=&#8221;80%&#8221; module_alignment=&#8221;center&#8221; animation_style=&#8221;fade&#8221; animation_direction=&#8221;left&#8221; animation_starting_opacity=&#8221;100%&#8221; custom_padding=&#8221;|0px||||&#8221;]<\/p>\n<p>Agli ideatori dei primi tre progetti classificati verr\u00e0 riconosciuto un premio, ancora da definirsi, per ciascun componente del Gruppo. Per la consegna si organizzer\u00e0 un evento in presenza o da remoto, ancora da definirsi, al quale saranno invitati oltre ai ragazzi\/e, docenti e dirigenti Scolastici coinvolti, rappresentanti dell\u2019Alleanza delle Cooperative Italiane Imola, autorit\u00e0 e cooperatori.<br \/>Visto il gradimento riscontrato nelle passate edizioni di \u201cVitamina C\u201d, si vorrebbe continuare a dare la <strong>possibilit\u00e0 di votare in rete i progetti<\/strong>, tramite la visualizzazione dell\u2019<strong>elevator pitch del progetto, riconoscendo un ulteriore premio<\/strong> all\u2019idea che avr\u00e0 riscontrato il maggior numero di \u201clike\u201d tra i primi \u201cX\u201d lavori (il numero sar\u00e0 definito in base al numero di progetti in gara) della graduatoria redatta dalla commisione.<\/p>\n<p>[\/et_pb_text][\/et_pb_column][\/et_pb_row][\/et_pb_section][et_pb_section fb_built=&#8221;1&#8243; admin_label=&#8221;Subscription Section&#8221; _builder_version=&#8221;4.9.2&#8243; use_background_color_gradient=&#8221;on&#8221; background_color_gradient_start=&#8221;rgba(104,153,193,0.24)&#8221; background_color_gradient_end=&#8221;rgba(0,0,0,0)&#8221; background_color_gradient_type=&#8221;radial&#8221; background_color_gradient_start_position=&#8221;27%&#8221; background_color_gradient_overlays_image=&#8221;on&#8221; background_image=&#8221;https:\/\/www.imola.legacoop.it\/vitaminac\/wp-content\/uploads\/2021\/03\/VITAMINA-C-BASE-OK.png&#8221; background_size=&#8221;contain&#8221; background_position=&#8221;bottom_center&#8221; custom_padding=&#8221;8px||27px|||&#8221; global_module=&#8221;278&#8243;][et_pb_row _builder_version=&#8221;4.9.1&#8243; _module_preset=&#8221;default&#8221; custom_padding=&#8221;56px|||||&#8221;][et_pb_column type=&#8221;4_4&#8243; _builder_version=&#8221;4.9.1&#8243; _module_preset=&#8221;default&#8221;][et_pb_image src=&#8221;https:\/\/www.imola.legacoop.it\/vitaminac\/wp-content\/uploads\/2021\/03\/VITAMINA-C-LOGO-2021-300-dpi.png&#8221; title_text=&#8221;VITAMINA C LOGO 2021 300 dpi&#8221; align=&#8221;center&#8221; _builder_version=&#8221;4.9.2&#8243; _module_preset=&#8221;default&#8221; width=&#8221;48%&#8221; custom_padding=&#8221;11px|||||&#8221; animation_style=&#8221;fade&#8221; animation_duration=&#8221;2000ms&#8221;][\/et_pb_image][et_pb_text admin_label=&#8221;Subtitle&#8221; _builder_version=&#8221;4.9.1&#8243; text_font=&#8221;||||||||&#8221; text_text_color=&#8221;#0C71C3&#8243; text_font_size=&#8221;18px&#8221; text_line_height=&#8221;2.2em&#8221; header_font=&#8221;||||||||&#8221; header_2_font=&#8221;||||||||&#8221; text_orientation=&#8221;center&#8221; background_layout=&#8221;dark&#8221; max_width=&#8221;700px&#8221; module_alignment=&#8221;center&#8221; animation_style=&#8221;fade&#8221; animation_direction=&#8221;left&#8221; animation_starting_opacity=&#8221;100%&#8221;]<\/p>\n<p><span>Copyright \u00a9 2021 | Tutti i diritti riservati.<\/span><\/p>\n<p>[\/et_pb_text][et_pb_text admin_label=&#8221;Subtitle&#8221; _builder_version=&#8221;4.9.1&#8243; text_font=&#8221;||||||||&#8221; text_text_color=&#8221;#0C71C3&#8243; text_font_size=&#8221;18px&#8221; text_line_height=&#8221;2.2em&#8221; header_font=&#8221;||||||||&#8221; header_2_font=&#8221;||||||||&#8221; text_orientation=&#8221;center&#8221; background_layout=&#8221;dark&#8221; max_width=&#8221;700px&#8221; module_alignment=&#8221;center&#8221; animation_style=&#8221;fade&#8221; animation_direction=&#8221;left&#8221; animation_starting_opacity=&#8221;100%&#8221;]<\/p>\n<p>&nbsp;<\/p>\n<p>&nbsp;<\/p>\n<p>[\/et_pb_text][\/et_pb_column][\/et_pb_row][et_pb_row _builder_version=&#8221;4.9.1&#8243; _module_preset=&#8221;default&#8221; custom_padding=&#8221;0px||113px|||&#8221;][et_pb_column type=&#8221;4_4&#8243; _builder_version=&#8221;4.9.1&#8243; _module_preset=&#8221;default&#8221;][\/et_pb_column][\/et_pb_row][et_pb_row _builder_version=&#8221;3.25&#8243; custom_padding=&#8221;55px|||||&#8221; locked=&#8221;off&#8221;][et_pb_column type=&#8221;4_4&#8243; _builder_version=&#8221;3.25&#8243; custom_padding=&#8221;|||&#8221; custom_padding__hover=&#8221;|||&#8221;][\/et_pb_column][\/et_pb_row][\/et_pb_section]<\/p>\n","protected":false},"excerpt":{"rendered":"<p>FASIIl progetto si articola su quattro fasi principali:Evento iniziale &#8211; rivolto a tutti i ragazzi\/e frequentanti le classi degli Istituti Superiori del Circondario che hanno aderito al progetto ed aperto a tutte le cooperative aderenti all\u2019Alleanza delle cooperative Italiane Imola &#8211; dedicato alla presentazione del progetto e delle sue finalit\u00e0 onde motivare gli studenti ad [&hellip;]<\/p>\n","protected":false},"author":2,"featured_media":0,"parent":0,"menu_order":0,"comment_status":"closed","ping_status":"closed","template":"","meta":{"_et_pb_use_builder":"on","_et_pb_old_content":"","_et_gb_content_width":"","ngg_post_thumbnail":0,"footnotes":""},"_links":{"self":[{"href":"https:\/\/www.imola.legacoop.it\/vitaminac\/index.php?rest_route=\/wp\/v2\/pages\/202"}],"collection":[{"href":"https:\/\/www.imola.legacoop.it\/vitaminac\/index.php?rest_route=\/wp\/v2\/pages"}],"about":[{"href":"https:\/\/www.imola.legacoop.it\/vitaminac\/index.php?rest_route=\/wp\/v2\/types\/page"}],"author":[{"embeddable":true,"href":"https:\/\/www.imola.legacoop.it\/vitaminac\/index.php?rest_route=\/wp\/v2\/users\/2"}],"replies":[{"embeddable":true,"href":"https:\/\/www.imola.legacoop.it\/vitaminac\/index.php?rest_route=%2Fwp%2Fv2%2Fcomments&post=202"}],"version-history":[{"count":27,"href":"https:\/\/www.imola.legacoop.it\/vitaminac\/index.php?rest_route=\/wp\/v2\/pages\/202\/revisions"}],"predecessor-version":[{"id":1169,"href":"https:\/\/www.imola.legacoop.it\/vitaminac\/index.php?rest_route=\/wp\/v2\/pages\/202\/revisions\/1169"}],"wp:attachment":[{"href":"https:\/\/www.imola.legacoop.it\/vitaminac\/index.php?rest_route=%2Fwp%2Fv2%2Fmedia&parent=202"}],"curies":[{"name":"wp","href":"https:\/\/api.w.org\/{rel}","templated":true}]}}